{"id":6,"date":"2024-08-15T09:39:34","date_gmt":"2024-08-15T09:39:34","guid":{"rendered":"https:\/\/www.atm.helsinki.fi\/tupsu\/?page_id=6"},"modified":"2024-09-18T11:07:35","modified_gmt":"2024-09-18T11:07:35","slug":"home","status":"publish","type":"page","link":"https:\/\/www.atm.helsinki.fi\/tupsu\/","title":{"rendered":"TUPSU"},"content":{"rendered":"\n<h2 class=\"wp-block-heading\">Turvetuotantoalueiden palauttaminen suometsiksi (TUPSU) \u2013 kehitt\u00e4mis- ja investointihanke<\/h2>\n\n\n\n<h2 class=\"wp-block-heading\">Hankkeen tausta<\/h2>\n\n\n\n<p>TUPSU-hanke tuottaa tutkimustietoa maank\u00e4yt\u00f6n suunnittelun ja p\u00e4\u00e4t\u00f6ksenteon tueksi Etel\u00e4-Pohjanmaalle, jossa radikaali energiaturvetuotannosta luopuminen luo suuria haasteita aluetasolla niin paikallistaloudelle, kuin ilmastonmuutoksen torjunnalle, ja kasvihuonekaasu- sek\u00e4 vesist\u00f6p\u00e4\u00e4st\u00f6jen v\u00e4hent\u00e4miselle. Monet turvetuotantoalueet on perustettu mets\u00e4isille turvemaille, joten niiden ennallistaminen kosteikoksi ei ole aina t\u00e4ysin perusteltua. Hankkeella pyrit\u00e4\u00e4n selvitt\u00e4m\u00e4\u00e4n alueiden mets\u00e4talouden edellytyksi\u00e4 ja hiilensidontaa. Samalla varmistetaan maanomistajien suosima tuottava j\u00e4lkik\u00e4ytt\u00f6muoto, tuetaan ilmastotavoitteita ja luodaan korvaavaa liiketoimintaa ja uusiutuvaa raaka-ainetta energiaturpeen tilalle.<\/p>\n\n\n\n<h3 class=\"wp-block-heading\">Hankeen tavoitteet<\/h3>\n\n\n\n<p>Hankkeessa selvitet\u00e4\u00e4n uusien mittauksien ja mallinnuksen avulla, mitk\u00e4 ovat suonpohjien metsityksen ilmasto-, monimuotoisuus- ja vesist\u00f6vaikutukset. Hanke vastaa kysymykseen, voidaanko hiilinieluja kasvattaa metsitt\u00e4m\u00e4ll\u00e4 k\u00e4yt\u00f6st\u00e4 poistettuja suonpohjia, ja kuinka paljon. Tieto suonpohjien metsitt\u00e4misen ilmastovaikutuksista on eritt\u00e4in relevanttia Etel\u00e4-Pohjanmaan kannalta, sill\u00e4 siell\u00e4 suonpohjia on poistunut turvetuotannosta merkitt\u00e4vi\u00e4 m\u00e4\u00e4ri\u00e4, ja maanomistajien kiinnostus metsitykseen j\u00e4lkik\u00e4ytt\u00f6muotona on suurta. Turvetuotantoalueiden j\u00e4lkik\u00e4yt\u00f6n valinnalla ja maank\u00e4yt\u00f6n muutoksesta seuraavilla KHK-p\u00e4\u00e4st\u00f6ill\u00e4 on suuri vaikutus maakunnallisiin KHK-taseisiin ja hiilinieluihin sek\u00e4 kuntien hiilinielutavoitteisiin. Uutta tietoa t\u00e4ss\u00e4 hankkeessa tuotetaan erityisesti 1) metsitettyjen suonpohjien hiili- ja kaasutaseista, 2) puuston ja muun kasvillisuuden kehityksest\u00e4 metsityksen j\u00e4lkeen; 3) lannoituksen vaikutuksesta puuston kehitykseen 4) monimuotoisuuden kehityksest\u00e4 metsityksen j\u00e4lkeen; ja 5) typpioksiduulin p\u00e4\u00e4st\u00f6ist\u00e4 metsitetyill\u00e4 suonpohjilla sek\u00e4 6) suomets\u00e4talouden kannattavuudesta maanomistajien ja aluetalouden ja -ty\u00f6llisyyden n\u00e4k\u00f6kulmasta. Hankkeen tulosten perusteella mets\u00e4talouden kannattavuutta k\u00e4yt\u00f6st\u00e4 poistetulla turvesuolla verrataan muiden maank\u00e4ytt\u00f6muotojen kannattavuuteen.<\/p>\n\n\n\n<p>Hankkeen lyhyen aikav\u00e4lin tavoite on perustaa ilmasto-, vesist\u00f6- ja kasvillisuuden monitorointij\u00e4rjestelm\u00e4 yhdelle intensiivikoealalle (Soinin Naarasneva), ja ker\u00e4t\u00e4 lis\u00e4tietoa useilta harvemmin mitattavilta, eri aikoina metsitetyilt\u00e4 koealoilta. Intensiivialalta ja harvemmin mitattavilta aloilta ker\u00e4tt\u00e4v\u00e4t aineistot t\u00e4ydent\u00e4v\u00e4t toisiaan pitk\u00e4ll\u00e4 aikav\u00e4lill\u00e4. Pitk\u00e4n aikav\u00e4lin tavoite, joka kattaa hankkeen j\u00e4lkeisen ajan, on tuottaa tietoa turvesuon metsityksen vaikutuksesta ymp\u00e4rist\u00f6\u00f6n ja erityisesti ilmastoon koko mets\u00e4n elinkaaren ajalta. Pitki\u00e4 aikasarjoja tarvitaan erityisesti siksi, ett\u00e4 metsien kiertoaika on pitk\u00e4, tyypillisesti 70\u201380 vuotta, ja muutokset vastemuuttujissa voivat olla hyvinkin suuria kiertoajan sis\u00e4ll\u00e4. Metsitettyjen turvetuotantoalueiden puustoa ja kasvillisuutta sek\u00e4 kasvihuonekaasujen ja hiilen virtoja ei aiemmin ole tutkittu t\u00e4ll\u00e4 tarkkuudella ja intensiteetill\u00e4.<\/p>\n\n\n\n<h3 class=\"wp-block-heading\">Hankkeen toimenpiteet<\/h3>\n\n\n\n<p>Hankkeen toimenpiteet jakaantuvat ty\u00f6paketteihin, jotka tuottavat seuraavat toimenpiteet:<\/p>\n\n\n\n<ul class=\"wp-block-list\">\n<li>Ty\u00f6paketti 1: KHK-p\u00e4\u00e4st\u00f6jen ja hiilitaseiden mittaus (HY-INAR, HY-METS\u00c4, IL, SeAMK). YLEINEN KUVAUS: T\u00e4ss\u00e4 ty\u00f6paketissa mitataan kasvihuonekaasujen (KHK) vaihtoa metsityst\u00e4 seuraavina vuosina (Naarasneva) ja mitataan ja lasketaan hiili- ja KHK-taseita eri-ik\u00e4isillemetsityskohteille perustuen aiemmissa hankkeissa tehtyihin ja t\u00e4ss\u00e4 hankkeessa teht\u00e4viin KHK-mittauksiin sek\u00e4 t\u00e4ss\u00e4 hankkeessa teht\u00e4viin puusto- ja kasvillisuusmittauksiin (10 koealaa) ja Naarasnevalla teht\u00e4viin KHK-vaihdon mittauksiin. N\u00e4in saadaan tietoa, millainen vaikutus KHK-taseisiin suonpohjien metsityksell\u00e4 on.<\/li>\n\n\n\n<li>Ty\u00f6paketti 2: KHK-p\u00e4\u00e4st\u00f6t ja nielut, skenaariomallinnus (HY-INAR, IL). YLEINEN KUVAUS: Ty\u00f6ss\u00e4 arvioidaan mallinnuksen keinoin suonpohjien metsitt\u00e4misenvaikutuksia CO2, CH4 ja N2O -p\u00e4\u00e4st\u00f6jen osalta, sek\u00e4 kasvavan taimikon potentiaalia hiilensidonnan lis\u00e4\u00e4j\u00e4n\u00e4 erilaisissa ravinteisuusoloissa ja hydrologisissa olosuhteissa. Ker\u00e4ttyj\u00e4 havaintoaineistoja k\u00e4ytet\u00e4\u00e4n mallinnuksen tukena. Vertailemme erilaisia N2O-p\u00e4\u00e4st\u00f6mallejaja -kertoimia ja niiden soveltuvuutta t\u00e4h\u00e4n aineistoon. Tehd\u00e4\u00e4n tulevaisuusskenaariot Etel\u00e4-Pohjanmaan metsitettyjen suonpohjien KHK-taseille, taimien ja puuston kasvulle sek\u00e4 maaper\u00e4n hiilivaraston muutokselle erilaisilla ilmastonmuutospoluilla. Tuloksena ty\u00f6paketista saadaan suonpohjien alueelliset KHK-taseet, taimikon ja puuston hiilensidonta ja niidenmuutokset l\u00e4hivuosikymmenin\u00e4 erilaisten ilmaston l\u00e4mpenemisennusteiden valossa.<\/li>\n\n\n\n<li>Ty\u00f6paketti 3: Kasvillisuuden ja monimuotoisuuden kehitys ja puuntuotanto (HY-Mets\u00e4, SeAMK). YLEINEN KUVAUS: Suonpohjien kasvillisuus alkaa kehitty\u00e4 voimakkaasti lannoituksen ja metsityksen j\u00e4lkeen ja muutokset ensimm\u00e4isten muutaman vuoden aikana voivat olla suuria. Pitemm\u00e4n p\u00e4\u00e4lle puuston kehittyess\u00e4 taimikosta varttuneeksi puustoksi alueella vakiintunee mets\u00e4kasvillisuus. Luonnon monimuotoisuuden kannalta kasvillisuuden (niin puuston kuin aluskasvillisuuden) kehitys on oleellista ja perustavanlaatuista, koska kasvillisuus tarjoaa muulle eli\u00f6st\u00f6lle elinymp\u00e4rist\u00f6n ja ravinnon. Puuntuotannon kannalta keskeisi\u00e4 kysymyksi\u00e4 ovat, kuinka hyvin paksuturpeisille suonpohjille perustetut taimikot l\u00e4htev\u00e4t kasvuun metsityst\u00e4 seuraavina vuosina ja toisaalta kuinka suuri puuston runkopuun tuotos on vuosikymmenien mittaan.<\/li>\n\n\n\n<li>Ty\u00f6paketti 4: Turvepohjien metsittymisen vesist\u00f6vaikutukset (OY, SeAMK). YLEINEN KUVAUS: ty\u00f6paketin tavoitteena on tuottaa tietoa suonpohjien metsitt\u00e4misenvaikutuksista hydrologiaan sek\u00e4 liuenneen orgaanisen aineen (DOC) ja ravinteiden huuhtoumariskiin sek\u00e4 koota aikaisempia tuloksia. Ty\u00f6paketissa hy\u00f6dynnet\u00e4\u00e4n aikaisempia mittauksia maaper\u00e4n fysikaalisista sek\u00e4 biogeokemiallisista ominaisuuksista, joiden avulla saadaan tarkempi riskiarvio toimenpiteist\u00e4 muodostuvista p\u00e4\u00e4st\u00f6ist\u00e4. Havaintoaineistoja k\u00e4ytet\u00e4\u00e4n arvioimaan turvepohjien metsityksen vaikutuksia hydrologiaan, vedenlaatuun sek\u00e4 vesist\u00f6\u00f6n kulkeutuvaan kuormitukseen.<\/li>\n\n\n\n<li>Ty\u00f6paketti 5: Viestint\u00e4 ja sidosryhm\u00e4toiminta (SeAMK + muut)<\/li>\n<\/ul>\n\n\n\n<h3 class=\"wp-block-heading\">Projektin osapuolet<\/h3>\n\n\n\n<p>Kehitt\u00e4mishanketta koordinoi prof. Annalea Lohila Helsingin yliopiston Ilmakeh\u00e4tieteiden keskuksesta (INAR). Muita hanketoimijoita ovat Helsingin yliopiston mets\u00e4tieteiden osasto (PI Kari Minkkinen), Ilmatieteen laitos (PI Tuula Aalto), Oulun yliopisto (PI Hannu Marttila) ja Sein\u00e4joen ammattikorkeakoulu (PI Kari Laasasenaho). Investointihankkeen ainoa tuensaaja on Helsingin yliopiston Ilmakeh\u00e4tieteiden keskus.<\/p>\n\n\n\n<h3 class=\"wp-block-heading\">Hankkeen kesto<\/h3>\n\n\n\n<p>Kehitt\u00e4mishanke 1.4.2024 &#8211; 31.12.2026; Investointihanke: 1.1.2024-30.6.2026<\/p>\n\n\n\n<h3 class=\"wp-block-heading\">Rahoittaja ja hankkeen budjetti<\/h3>\n\n\n\n<p>Rahoittaja: Euroopan unionin osarahoittama, Keski-Suomen ELY-keskuksen JTF-rahoitus. J\u00e4ljellej\u00e4\u00e4v\u00e4 osa kustannuksista katetaan hankeosapuolten omarahoituksella.<br>Kehitt\u00e4mishankkeen kokonaisbudjetti (rahoittajalta saatu osuus, 80% kok.kuluista): 920 946 \u20ac<br>Investointihankkeen kokonaisbudjetti (rahoittajalta saatu osuus, 70% kok.kuluista): 136 323 \u20ac<\/p>\n\n\n\n<h3 class=\"wp-block-heading\">Hankkeen tulokset ja tuotokset<\/h3>\n\n\n\n<p>Hankkeen konkreettisina ja seurattavina tuloksina syntyy:<\/p>\n\n\n\n<ul class=\"wp-block-list\">\n<li>perusteellinen analyysi suonpohjien metsityksen kest\u00e4vyydest\u00e4, kun tarkastelussa ovat vaikutukset ilmastoon, vesist\u00f6ihin, puuntuotokseen ja luonnonmonimuotoisuuteen, ja n\u00e4iden vuorovaikutukset<\/li>\n\n\n\n<li>10-15 kpl ammattijulkaisua<\/li>\n\n\n\n<li>3-4 kpl sidosryhm\u00e4tapahtumia (esim. webinaarit, seminaarit, kentt\u00e4vierailut).<\/li>\n\n\n\n<li>Lis\u00e4ksi tuotettua tietoa tullaan hy\u00f6dynt\u00e4m\u00e4\u00e4n oppimateriaalina SeAMKissa ja Helsingin ja Oulun yliopistoissa. N\u00e4in voidaan varmistaa osaamisen siirto opiskelijoille ja jatkuvan oppimisen kohderyhmille.<\/li>\n<\/ul>\n\n\n\n<p><\/p>\n\n\n\n<div class=\"wp-block-columns is-layout-flex wp-container-core-columns-is-layout-28f84493 wp-block-columns-is-layout-flex\">\n<div class=\"wp-block-column is-layout-flow wp-block-column-is-layout-flow\">\n<div class=\"wp-block-columns is-layout-flex wp-container-core-columns-is-layout-28f84493 wp-block-columns-is-layout-flex\">\n<div class=\"wp-block-column is-layout-flow wp-block-column-is-layout-flow\">\n<figure class=\"wp-block-image size-full is-resized\"><img loading=\"lazy\" decoding=\"async\" width=\"283\" height=\"300\" src=\"https:\/\/www.atm.helsinki.fi\/tupsu\/wp-content\/uploads\/2024\/08\/83f26507-logo-helsingin-yliopisto-283x300-1.jpg\" alt=\"\" class=\"wp-image-35\" style=\"width:99px;height:auto\"\/><\/figure>\n<\/div>\n\n\n\n<div class=\"wp-block-column is-layout-flow wp-block-column-is-layout-flow\">\n<figure class=\"wp-block-image size-full is-resized\"><img loading=\"lazy\" decoding=\"async\" width=\"229\" height=\"300\" src=\"https:\/\/www.atm.helsinki.fi\/tupsu\/wp-content\/uploads\/2024\/08\/4fb06856-oy_logo_efff8a1f-29ac-41c3-8740-f3bbe9c420d8-229x300-1.png\" alt=\"\" class=\"wp-image-37\" style=\"width:80px;height:auto\"\/><\/figure>\n<\/div>\n<\/div>\n<\/div>\n\n\n\n<div class=\"wp-block-column is-layout-flow wp-block-column-is-layout-flow\">\n<div class=\"wp-block-columns is-layout-flex wp-container-core-columns-is-layout-28f84493 wp-block-columns-is-layout-flex\">\n<div class=\"wp-block-column is-layout-flow wp-block-column-is-layout-flow\">\n<figure class=\"wp-block-image size-full\"><img loading=\"lazy\" decoding=\"async\" width=\"300\" height=\"122\" src=\"https:\/\/www.atm.helsinki.fi\/tupsu\/wp-content\/uploads\/2024\/08\/b5f085cc-seamk_vaaka_fi_en_rgb_1200x486-1-1-300x122-1.jpg\" alt=\"\" class=\"wp-image-36\"\/><\/figure>\n<\/div>\n\n\n\n<div class=\"wp-block-column is-layout-flow wp-block-column-is-layout-flow\">\n<figure class=\"wp-block-image size-full is-resized\"><img loading=\"lazy\" decoding=\"async\" width=\"300\" height=\"56\" src=\"https:\/\/www.atm.helsinki.fi\/tupsu\/wp-content\/uploads\/2024\/08\/080852ff-fmi_logo_il-logo-fi-se-en-rgb-1240x230px-300x56-1.jpg\" alt=\"\" class=\"wp-image-38\" style=\"width:246px;height:auto\"\/><\/figure>\n<\/div>\n<\/div>\n<\/div>\n<\/div>\n","protected":false},"excerpt":{"rendered":"<p>Turvetuotantoalueiden palauttaminen suometsiksi (TUPSU) \u2013 kehitt\u00e4mis- ja investointihanke Hankkeen tausta TUPSU-hanke tuottaa tutkimustietoa maank\u00e4yt\u00f6n suunnittelun ja p\u00e4\u00e4t\u00f6ksenteon tueksi Etel\u00e4-Pohjanmaalle, jossa [&hellip;]<\/p>\n","protected":false},"author":1,"featured_media":0,"parent":0,"menu_order":0,"comment_status":"closed","ping_status":"closed","template":"","meta":{"site-sidebar-layout":"no-sidebar","site-content-layout":"plain-container","ast-site-content-layout":"default","site-content-style":"default","site-sidebar-style":"default","ast-global-header-display":"","ast-banner-title-visibility":"","ast-main-header-display":"","ast-hfb-above-header-display":"","ast-hfb-below-header-display":"","ast-hfb-mobile-header-display":"","site-post-title":"disabled","ast-breadcrumbs-content":"","ast-featured-img":"","footer-sml-layout":"","theme-transparent-header-meta":"default","adv-header-id-meta":"","stick-header-meta":"","header-above-stick-meta":"","header-main-stick-meta":"","header-below-stick-meta":"","astra-migrate-meta-layouts":"default","ast-page-background-enabled":"default","ast-page-background-meta":{"desktop":{"background-color":"var(--ast-global-color-4)","background-image":"","background-repeat":"repeat","background-position":"center center","background-size":"auto","background-attachment":"scroll","background-type":"","background-media":"","overlay-type":"","overlay-color":"","overlay-opacity":"","overlay-gradient":""},"tablet":{"background-color":"","background-image":"","background-repeat":"repeat","background-position":"center center","background-size":"auto","background-attachment":"scroll","background-type":"","background-media":"","overlay-type":"","overlay-color":"","overlay-opacity":"","overlay-gradient":""},"mobile":{"background-color":"","background-image":"","background-repeat":"repeat","background-position":"center center","background-size":"auto","background-attachment":"scroll","background-type":"","background-media":"","overlay-type":"","overlay-color":"","overlay-opacity":"","overlay-gradient":""}},"ast-content-background-meta":{"desktop":{"background-color":"var(--ast-global-color-5)","background-image":"","background-repeat":"repeat","background-position":"center center","background-size":"auto","background-attachment":"scroll","background-type":"","background-media":"","overlay-type":"","overlay-color":"","overlay-opacity":"","overlay-gradient":""},"tablet":{"background-color":"var(--ast-global-color-5)","background-image":"","background-repeat":"repeat","background-position":"center center","background-size":"auto","background-attachment":"scroll","background-type":"","background-media":"","overlay-type":"","overlay-color":"","overlay-opacity":"","overlay-gradient":""},"mobile":{"background-color":"var(--ast-global-color-5)","background-image":"","background-repeat":"repeat","background-position":"center center","background-size":"auto","background-attachment":"scroll","background-type":"","background-media":"","overlay-type":"","overlay-color":"","overlay-opacity":"","overlay-gradient":""}},"footnotes":""},"class_list":["post-6","page","type-page","status-publish","hentry"],"_links":{"self":[{"href":"https:\/\/www.atm.helsinki.fi\/tupsu\/index.php?rest_route=\/wp\/v2\/pages\/6","targetHints":{"allow":["GET"]}}],"collection":[{"href":"https:\/\/www.atm.helsinki.fi\/tupsu\/index.php?rest_route=\/wp\/v2\/pages"}],"about":[{"href":"https:\/\/www.atm.helsinki.fi\/tupsu\/index.php?rest_route=\/wp\/v2\/types\/page"}],"author":[{"embeddable":true,"href":"https:\/\/www.atm.helsinki.fi\/tupsu\/index.php?rest_route=\/wp\/v2\/users\/1"}],"replies":[{"embeddable":true,"href":"https:\/\/www.atm.helsinki.fi\/tupsu\/index.php?rest_route=%2Fwp%2Fv2%2Fcomments&post=6"}],"version-history":[{"count":11,"href":"https:\/\/www.atm.helsinki.fi\/tupsu\/index.php?rest_route=\/wp\/v2\/pages\/6\/revisions"}],"predecessor-version":[{"id":57,"href":"https:\/\/www.atm.helsinki.fi\/tupsu\/index.php?rest_route=\/wp\/v2\/pages\/6\/revisions\/57"}],"wp:attachment":[{"href":"https:\/\/www.atm.helsinki.fi\/tupsu\/index.php?rest_route=%2Fwp%2Fv2%2Fmedia&parent=6"}],"curies":[{"name":"wp","href":"https:\/\/api.w.org\/{rel}","templated":true}]}}